{"id":3771,"date":"2021-04-13T21:00:25","date_gmt":"2021-04-14T02:00:25","guid":{"rendered":"https:\/\/concejodequibdo.gov.co\/sitio\/?page_id=3771"},"modified":"2021-04-13T21:19:06","modified_gmt":"2021-04-14T02:19:06","slug":"normatividad","status":"publish","type":"page","link":"https:\/\/concejodequibdo.gov.co\/sitio\/normatividad\/","title":{"rendered":"Normatividad"},"content":{"rendered":"\t\t<div data-elementor-type=\"wp-page\" data-elementor-id=\"3771\" class=\"elementor elementor-3771\">\n\t\t\t\t\t\t<section class=\"elementor-section elementor-top-section elementor-element elementor-element-1d64a39 elementor-section-boxed elementor-section-height-default elementor-section-height-default\" data-id=\"1d64a39\" data-element_type=\"section\">\n\t\t\t\t\t\t<div class=\"elementor-container elementor-column-gap-default\">\n\t\t\t\t\t<div class=\"elementor-column elementor-col-100 elementor-top-column elementor-element elementor-element-7408fe5\" data-id=\"7408fe5\" data-element_type=\"column\">\n\t\t\t<div class=\"elementor-widget-wrap elementor-element-populated\">\n\t\t\t\t\t\t<div class=\"elementor-element elementor-element-b9ebe0b elementor-widget elementor-widget-sina_title\" data-id=\"b9ebe0b\" data-element_type=\"widget\" data-widget_type=\"sina_title.default\">\n\t\t\t\t<div class=\"elementor-widget-container\">\n\t\t\t\t\t\t\t<div class=\"sina-title\">\r\n\t\t\t\r\n\t\t\t\t\t\t\t<h2 class=\"sina-title-title\">Ley 13 de <span>1994<\/span><\/h2>\t\t\t\r\n\t\t\t\r\n\t\t\t\r\n\t\t\t\t\t<\/div><!-- .sina-title -->\r\n\t\t\t\t\t\t<\/div>\n\t\t\t\t<\/div>\n\t\t\t\t\t<\/div>\n\t\t<\/div>\n\t\t\t\t\t<\/div>\n\t\t<\/section>\n\t\t\t\t<section class=\"elementor-section elementor-top-section elementor-element elementor-element-95be708 elementor-section-boxed elementor-section-height-default elementor-section-height-default\" data-id=\"95be708\" data-element_type=\"section\">\n\t\t\t\t\t\t<div class=\"elementor-container elementor-column-gap-default\">\n\t\t\t\t\t<div class=\"elementor-column elementor-col-100 elementor-top-column elementor-element elementor-element-345efa0\" data-id=\"345efa0\" data-element_type=\"column\">\n\t\t\t<div class=\"elementor-widget-wrap elementor-element-populated\">\n\t\t\t\t\t\t<div class=\"elementor-element elementor-element-5b1a2b6 elementor-widget elementor-widget-heading\" data-id=\"5b1a2b6\" data-element_type=\"widget\" data-widget_type=\"heading.default\">\n\t\t\t\t<div class=\"elementor-widget-container\">\n\t\t\t\t\t<h3 class=\"elementor-heading-title elementor-size-default\"> (Junio 02)\n<\/h3>\t\t\t\t<\/div>\n\t\t\t\t<\/div>\n\t\t\t\t<div class=\"elementor-element elementor-element-791b2bc elementor-widget elementor-widget-text-editor\" data-id=\"791b2bc\" data-element_type=\"widget\" data-widget_type=\"text-editor.default\">\n\t\t\t\t<div class=\"elementor-widget-container\">\n\t\t\t\t\t\t\t\t\t<p>Por la cual se dictan normas tendientes a modernizar la organizaci\u00f3n y el funcionamiento de los municipios.<\/p>\n<p style=\"text-align: center;\"><b><strong>EL CONGRESO DE COLOMBIA,<\/strong><\/b><\/p>\n<p style=\"text-align: center;\"><b><strong>Ver la Exposici\u00f3n de Motivos de la Ley 136 de 1994<\/strong><\/b><\/p>\n<p style=\"text-align: center;\"><b><strong>\u00a0<\/strong><\/b><b><strong>DECRETA:<\/strong><\/b><\/p>\t\t\t\t\t\t\t\t<\/div>\n\t\t\t\t<\/div>\n\t\t\t\t<section class=\"elementor-section elementor-inner-section elementor-element elementor-element-c730aec elementor-section-boxed elementor-section-height-default elementor-section-height-default\" data-id=\"c730aec\" data-element_type=\"section\">\n\t\t\t\t\t\t<div class=\"elementor-container elementor-column-gap-default\">\n\t\t\t\t\t<div class=\"elementor-column elementor-col-100 elementor-inner-column elementor-element elementor-element-00add5e\" data-id=\"00add5e\" data-element_type=\"column\">\n\t\t\t<div class=\"elementor-widget-wrap elementor-element-populated\">\n\t\t\t\t\t\t<div class=\"elementor-element elementor-element-d30f59e elementor-view-stacked elementor-position-left elementor-vertical-align-middle elementor-shape-circle elementor-mobile-position-top elementor-widget elementor-widget-icon-box\" data-id=\"d30f59e\" data-element_type=\"widget\" data-widget_type=\"icon-box.default\">\n\t\t\t\t<div class=\"elementor-widget-container\">\n\t\t\t\t\t\t\t<div class=\"elementor-icon-box-wrapper\">\n\n\t\t\t\t\t\t<div class=\"elementor-icon-box-icon\">\n\t\t\t\t<span  class=\"elementor-icon\">\n\t\t\t\t<i aria-hidden=\"true\" class=\"fas fa-mouse-pointer\"><\/i>\t\t\t\t<\/span>\n\t\t\t<\/div>\n\t\t\t\n\t\t\t\t\t\t<div class=\"elementor-icon-box-content\">\n\n\t\t\t\t\t\t\t\t\t<h3 class=\"elementor-icon-box-title\">\n\t\t\t\t\t\t<span  >\n\t\t\t\t\t\t\tPRINCIPIOS GENERALES SOBRE LA ORGANIZACI\u00d3N Y EL FUNCIONAMIENTO DE LOS MUNICIPIOS.\t\t\t\t\t\t<\/span>\n\t\t\t\t\t<\/h3>\n\t\t\t\t\n\t\t\t\t\n\t\t\t<\/div>\n\t\t\t\n\t\t<\/div>\n\t\t\t\t\t\t<\/div>\n\t\t\t\t<\/div>\n\t\t\t\t<div class=\"elementor-element elementor-element-4364c1e elementor-widget elementor-widget-text-editor\" data-id=\"4364c1e\" data-element_type=\"widget\" data-widget_type=\"text-editor.default\">\n\t\t\t\t<div class=\"elementor-widget-container\">\n\t\t\t\t\t\t\t\t\t<p style=\"text-align: center;\">\u00a0<\/p>\n<p><b><strong>ART\u00cdCULO<\/strong><\/b>\u00a0<b><strong>\u00a0<\/strong><\/b><b><strong>\u00a01.-<\/strong><\/b>\u00a0<b><strong><em>Definici\u00f3n.<\/em><\/strong><\/b>\u00a0El municipio es la entidad territorial fundamental de la divisi\u00f3n pol\u00edtico administrativa del Estado, con autonom\u00eda pol\u00edtica, fiscal y administrativa, dentro de los l\u00edmites que se\u00f1alen la Constituci\u00f3n y la ley y cuya finalidad es el bienestar general y el mejoramiento de la calidad de vida de la poblaci\u00f3n en su respectivo territorio.<\/p>\n<p><b><strong>ART\u00cdCULO<\/strong><\/b>\u00a0<b><strong>\u00a0<\/strong><\/b><b><strong>\u00a02.-<\/strong><\/b>\u00a0<b><strong><em>R\u00e9gimen de los municipios.<\/em><\/strong><\/b>\u00a0El r\u00e9gimen municipal estar\u00e1 definido por lo dispuesto en la Constituci\u00f3n Pol\u00edtica, por lo establecido en la Ley y por las siguientes disposiciones:<\/p>\n<ol>\n<li>a) En materia de distribuci\u00f3n de competencias con la Naci\u00f3n y las entidades territoriales, y los reg\u00edmenes de planeaci\u00f3n y presupuestal, por las correspondientes leyes org\u00e1nicas, de conformidad por lo dispuesto en los art\u00edculos\u00a0<a href=\"https:\/\/www.funcionpublica.gov.co\/eva\/gestornormativo\/norma.php?i=4125#288\">288<\/a>,\u00a0<a href=\"https:\/\/www.funcionpublica.gov.co\/eva\/gestornormativo\/norma.php?i=4125#342\">342<\/a>y\u00a0<a href=\"https:\/\/www.funcionpublica.gov.co\/eva\/gestornormativo\/norma.php?i=4125#352\">352<\/a>de la Constituci\u00f3n Pol\u00edtica;<\/li>\n<li>b) En relaci\u00f3n con las instituciones y mecanismos de participaci\u00f3n ciudadana a nivel municipal, por lo dispuesto en la respectiva Ley estatutaria, de acuerdo con lo previsto en los art\u00edculos\u00a0<a href=\"https:\/\/www.funcionpublica.gov.co\/eva\/gestornormativo\/norma.php?i=4125#103\">103<\/a>y\u00a0<a href=\"https:\/\/www.funcionpublica.gov.co\/eva\/gestornormativo\/norma.php?i=4125#152\">152<\/a>de la Constituci\u00f3n Pol\u00edtica;<\/li>\n<li>c) En lo concerniente con su endeudamiento interno y externo, y sujeto a la capacidad de endeudamiento del municipio, de conformidad con la ley y de acuerdo con el literal a) del numeral\u00a0<a href=\"https:\/\/www.funcionpublica.gov.co\/eva\/gestornormativo\/norma.php?i=4125#150.19\">19<\/a>del art\u00edculo 150 de la Constituci\u00f3n Pol\u00edtica;<\/li>\n<\/ol>\n<p>En lo relativo a los reg\u00edmenes salariales y prestacionales de sus empleados p\u00fablicos, por las normas generales que dicte el Congreso y las disposiciones que en desarrollo de ellas expida el Gobierno, los trabajadores oficiales por las normas vigentes de contrataci\u00f3n colectiva y las m\u00ednimas del r\u00e9gimen de prestaciones sociales que dicte el Congreso de conformidad con lo dispuesto en los literales e) y f) del numeral\u00a0<a href=\"https:\/\/www.funcionpublica.gov.co\/eva\/gestornormativo\/norma.php?i=4125#150.19\">19<\/a>\u00a0del art\u00edculo 150 de la Constituci\u00f3n Pol\u00edtica.<\/p>\t\t\t\t\t\t\t\t<\/div>\n\t\t\t\t<\/div>\n\t\t\t\t\t<\/div>\n\t\t<\/div>\n\t\t\t\t\t<\/div>\n\t\t<\/section>\n\t\t\t\t\t<\/div>\n\t\t<\/div>\n\t\t\t\t\t<\/div>\n\t\t<\/section>\n\t\t\t\t<section class=\"elementor-section elementor-top-section elementor-element elementor-element-248c222 elementor-section-boxed elementor-section-height-default elementor-section-height-default\" data-id=\"248c222\" data-element_type=\"section\">\n\t\t\t\t\t\t<div class=\"elementor-container elementor-column-gap-default\">\n\t\t\t\t\t<div class=\"elementor-column elementor-col-100 elementor-top-column elementor-element elementor-element-95149dd\" data-id=\"95149dd\" data-element_type=\"column\">\n\t\t\t<div class=\"elementor-widget-wrap elementor-element-populated\">\n\t\t\t\t\t\t<div class=\"elementor-element elementor-element-41c84e0 elementor-widget elementor-widget-sina_dynamic_button\" data-id=\"41c84e0\" data-element_type=\"widget\" data-widget_type=\"sina_dynamic_button.default\">\n\t\t\t\t<div class=\"elementor-widget-container\">\n\t\t\t\t\t\t\t<div class=\"sina-dynamic-button\">\r\n\t\t\t<a  class=\"sina-dynamic-btn   sina-hv-fade\" href=\"https:\/\/www.funcionpublica.gov.co\/eva\/gestornormativo\/norma.php?i=329\"\r\n\t\t\t\t\t\t\t\t\t\t\t\t\ttarget=\"_blank\" \r\n\t\t\t\t\t\t\t\t>\r\n\t\t\t\t\t\t\tVer Resoluci\u00f3n\t\t\t\t\t<\/a>\r\n\t\t<\/div><!-- .sina-dynamic-button -->\r\n\t\t\t\t\t\t<\/div>\n\t\t\t\t<\/div>\n\t\t\t\t\t<\/div>\n\t\t<\/div>\n\t\t\t\t\t<\/div>\n\t\t<\/section>\n\t\t\t\t<\/div>\n\t\t","protected":false},"excerpt":{"rendered":"<p>Ley 13 de 1994 (Junio 02) Por la cual se dictan normas tendientes a modernizar la organizaci\u00f3n y el funcionamiento de los municipios. EL CONGRESO DE COLOMBIA, Ver la Exposici\u00f3n de Motivos de la Ley 136 de 1994 \u00a0DECRETA: PRINCIPIOS GENERALES SOBRE LA ORGANIZACI\u00d3N Y EL FUNCIONAMIENTO DE LOS MUNICIPIOS. \u00a0 ART\u00cdCULO\u00a0\u00a0\u00a01.-\u00a0Definici\u00f3n.\u00a0El municipio es la entidad territorial fundamental de la [&hellip;]<\/p>\n","protected":false},"author":1,"featured_media":0,"parent":0,"menu_order":0,"comment_status":"closed","ping_status":"closed","template":"","meta":{"footnotes":""},"class_list":["post-3771","page","type-page","status-publish","hentry"],"_links":{"self":[{"href":"https:\/\/concejodequibdo.gov.co\/sitio\/wp-json\/wp\/v2\/pages\/3771","targetHints":{"allow":["GET"]}}],"collection":[{"href":"https:\/\/concejodequibdo.gov.co\/sitio\/wp-json\/wp\/v2\/pages"}],"about":[{"href":"https:\/\/concejodequibdo.gov.co\/sitio\/wp-json\/wp\/v2\/types\/page"}],"author":[{"embeddable":true,"href":"https:\/\/concejodequibdo.gov.co\/sitio\/wp-json\/wp\/v2\/users\/1"}],"replies":[{"embeddable":true,"href":"https:\/\/concejodequibdo.gov.co\/sitio\/wp-json\/wp\/v2\/comments?post=3771"}],"version-history":[{"count":0,"href":"https:\/\/concejodequibdo.gov.co\/sitio\/wp-json\/wp\/v2\/pages\/3771\/revisions"}],"wp:attachment":[{"href":"https:\/\/concejodequibdo.gov.co\/sitio\/wp-json\/wp\/v2\/media?parent=3771"}],"curies":[{"name":"wp","href":"https:\/\/api.w.org\/{rel}","templated":true}]}}